 d(4) a composite number?
False
Let w = 3394 - 2207. Is w prime?
True
Let y(c) = c**3 - 2*c**2 - c - 3. Let a be -2 + 10 - 2 - 2. Is y(a) prime?
False
Suppose -2 = -3*x + 4. Let k be (-21 + x)*1 + 1. Let o = k + 39. Is o composite?
True
Suppose -12*w = -17*w + 415. Is w prime?
True
Let f = -7 - -9. Suppose -3*x - i = -271, -2*x - 178 = -4*x - f*i. Is x a prime number?
False
Suppose 4*j + 40 = 12. Let c = 30 + j. Is c prime?
True
Suppose -1 = -2*v - 5*s + 7, -4*s + 11 = -3*v. Is (v - -164)*(-2 + 3) composite?
False
Suppose 2610 = 4*q - r, 4*q - 2*r - 547 = 2061. Is q composite?
False
Let h(p) = 82*p. Let o be h(-2). Let x = 23 - o. Is x composite?
True
Suppose m + 3*m = -4*p, 2*m = -3*p - 4. Let f = m + 0. Suppose -f*h = -c - 122, 4*c - 33 + 149 = 4*h. Is h a prime number?
True
Let a be (-3)/(1*(-6)/26). Suppose -5*z = -2*z + 3, 4*i - a = 5*z. Suppose 2*s - 5*s - 2*u + 167 = 0, 0 = -2*s + i*u + 128. Is s composite?
False
Let v(j) = j**3 + 8*j**2 - 13*j - 11. Let b be v(-8). Suppose n + 0 = b. Is n composite?
True
Is (-2 + 54/24)/((-1)/(-4348)) a composite number?
False
Let s = 745 + -1060. Let j = s + 532. Suppose 0*l - 4*l + 641 = 3*a, -j = -a - 3*l. Is a prime?
True
Let w(s) = -64*s + 3. Is w(-1) a composite number?
False
Let s be 0*(-3 + 0)/9. Suppose 3*q + 2*c + 2*c - 297 = 0, s = 5*q + 4*c - 503. Is q composite?
False
Let d(a) = -a**3 - 3*a**2 + 4*a. Let n be d(-4). Suppose n = -3*u - b - 2*b + 198, 4*b = -3*u + 201. Suppose -13 - u = -2*m. Is m a composite number?
True
Let j(g) = -g**2 - 4*g + 10. Let u(w) = -2*w**2 - 7*w + 19. Let a(t) = 11*j(t) - 6*u(t). Is a(7) a composite number?
False
Suppose -608 = -2*c + 1514. Is c a prime number?
True
Suppose 1012 = -0*a + 4*a. Is a composite?
True
Suppose -4*b = 4*w + 4, 5*b - 5*w - 26 = 9. Let g = 6 + -4. Suppose -g*a - 149 = -b*k, -a = a - 10. Is k a composite number?
False
Suppose 3*u + 2*l - 294 = 778, 0 = -3*l + 6. Is ((-5)/(-10))/(2/u) prime?
True
Suppose 3*s - 24 = -s. Let i be (s/(-4))/(2/236). Is (-4)/10 - i/5 a composite number?
True
Let h(a) be the third derivative of 17*a**5/60 - 5*a**4/24 + a**3/6 - 7*a**2. Is h(6) a prime number?
False
Let j(g) = -g**2 - 5*g - 2. Let b be j(-4). Suppose -5*n - b*x + 22 = 0, -3 = -5*x + 2. Suppose 0*l = -n*l + 44. Is l prime?
True
Let s = 1135 - 578. Is s a composite number?
False
Let w = 88 - -305. Is w a composite number?
True
Is ((-14)/(-6))/(10/1110) a composite number?
True
Let z(r) = -2 + r**3 - r - 4*r**2 + 2*r**2 - 3*r**2. Let b be z(5). Let d = b - -28. Is d composite?
True
Let u(h) = 56*h + 1. Let i be u(1). Let z = -2 - -4. Suppose -z*m - m = -i. Is m a prime number?
True
Let p(q) = 99*q**2 - q - 1. Is p(3) composite?
False
Suppose 2*x + 10 = 7*x. Suppose -3*h + 6 = 0, 0 = -0*k - 2*k - h + x. Suppose -y - 3*l = -55, 4*y + k*y + 2*l = 200. Is y prime?
False
Suppose 2*h = -5*x + 398, 5*h + 4*x - 1029 = -0*h. Is h composite?
True
Is (-106)/(4 - 42/9) prime?
False
Let o(z) = -z**3 - 4*z**2 + 2*z + 2. Let v be o(-3). Let g = 1 + v. Is (-2)/((-24)/(-51))*g prime?
False
Let m(s) = s**3 + 10*s**2 - s - 1. Let a be m(-9). Let k(x) = x**3 + x**2 + x - 1. Let g be k(-3). Let r = g + a. Is r composite?
False
Let x = -912 - -2023. Is x a prime number?
False
Let v = -6 - 0. Suppose 5*a + 14 = -2*w, -4*a + 3*w = -2*a - 2. Is 2/v*(-199 + a) a composite number?
False
Let k(z) = z**3 + 5*z**2 + 7 - 3*z + 2*z**2 + 2*z**2. Let a be k(-8). Suppose 3*b + a = 8*b. Is b a prime number?
True
Let g(w) = w**2 + 3*w + 3. Suppose o + 2*r = -13, o - 5*r = 26 - 4. Let j be g(o). Suppose -j*q + 2*q + 21 = 0. Is q a composite number?
True
Let m = 441 - 10. Suppose 0*d - d = 5*b + 95, 0 = -5*d - 3*b - m. Let s = -32 - d. Is s prime?
True
Suppose 4*x + 2*y - 456 = 0, -3*x + 5*x = 5*y + 216. Is x a prime number?
True
Let x be (3 + 23/(-4))*-8. Let z = 128 - x. Is z a composite number?
True
Let m(u) = 20*u**2 - 3*u. Let w be m(-3). Let p = w + -111. Suppose 0 = 2*s - 4*d - p, -s + 64 = -4*d + 25. Is s a prime number?
False
Let h = -4 + 8. Suppose -h*r + 20 = 0, m + 2*r = -0*r + 389. Is m a composite number?
False
Let b(y) = y + 11. Let v be b(-6). Suppose -751 = -v*q - 6. Is q a prime number?
True
Let j = -192 - -288. Suppose -3*x = 4*u - j - 22, 2*u - 42 = -x. Is x prime?
False
Suppose 3*r - 1564 = -r. Is r prime?
False
Let k(m) = m**3 - 6*m**2 - 7*m. Let o be k(7). Let v(d) = -3*d**3 + 2*d**2 + 2*d - 19. Let r(x) = x**3 - x**2 - x - 1. Let f(j) = -2*r(j) - v(j). Is f(o) prime?
False
Let d = 3 - 4. Let m = 2 + d. Let j(s) = 11*s**2 + s - 1. Is j(m) a prime number?
True
Let r = -107 + 10. Let f = r + 182. Is f a composite number?
True
Let z(s) be the second derivative of s**3/3 - 3*s**2/2 - s. Suppose -6*n = -54 - 0. Is z(n) prime?
False
Suppose -762 = -6*r + 5112. Is r a composite number?
True
Let s(q) = -23*q**3 + q**2 + q. Suppose 0 = -f - f - 2. Let a be s(f). Let x = a - 1. Is x prime?
False
Suppose 1147 = 3*q + 4*g, -3*q = -2*q + 5*g - 386. Is q a prime number?
False
Suppose -t = -20 - 17. Is t a composite number?
False
Suppose -m = 3*m - 28. Suppose 5*n + 24 = d - m, -107 = -2*d - 5*n. Is d a composite number?
True
Suppose -2*n = -5*n + 1473. Is n a composite number?
False
Suppose 2*q = -0*q + 16. Let a be 2/(1/q*-2). Let x(f) = -f**3 - 7*f**2 - f + 7. Is x(a) composite?
False
Let y(t) = -t + 9. Let m be y(7). Suppose -m*b = -3*f + 244, -2*b + 6 = -5*b. Suppose z - 3*i = 11, 0 = 5*z + 2*i + 25 - f. Is z prime?
True
Let y be 86 + (0 - (1 + 2)). Let w = -44 + 28. Let a = w + y. Is a a composite number?
False
Let s = 6 - 4. Suppose 3*j + 9 = 3*o + 2*j, -2*o = -2*j - 2. Suppose s*x - 289 = -6*t + t, -o*t - 2*x + 230 = 0. Is t prime?
True
Suppose f - 119 = 6. Suppose 0 = 3*n - f - 364. Is n a prime number?
True
Suppose 7 = 4*y - 1, -670 = -2*n - y. Is n composite?
True
Suppose 3*q - 2*q = 3. Suppose 0*v = q*v - 87. Suppose -5*f - 3*o + v = -120, -o = -4*f + 126. Is f prime?
True
Suppose -3*p = 5*v - 82, -2*p + v + 54 = -18. Let z = p + -12. Suppose 0 = -l + 31 + z. Is l prime?
True
Let p be ((-18)/15)/((-3)/(-10)). Let d = -2 - p. Suppose -2*l + v + 37 = 0, 5*l - 2*v - d*v = 91. Is l prime?
True
Let o(d) = 3*d + 6. Let k be o(-3). Let c(a) = 0*a - 3*a + 1 - a. Is c(k) a prime number?
True
Let z(i) = -44*i + 1. Let l(n) = n**3 - 5*n**2 - 3. Let m be l(5). Is z(m) prime?
False
Let v = 784 + -491. Is v a composite number?
False
Suppose 3*s - 94 = s. Is s a composite number?
False
Let t(h) = 4*h**2 - 2*h + 7. Let m(s) = 5*s**2 - 3*s + 7. Let u(d) = -3*m(d) + 4*t(d). Let l be 2 + (-4)/(-2) + 1. Is u(l) prime?
True
Suppose 5*h - 2*f - 4 = -2, -3*f + 14 = h. Suppose -j - 2*n = 2*j - 7, 2 = -h*n. Suppose a + j*a - 99 = -3*g, 3*a - 3*g = 48. Is a prime?
False
Suppose -3*m = -3 - 6. Is (462/m)/(-2 + 4) composite?
True
Suppose -4*f = 5*b - 1790, -5*f - 3*b = -0*b - 2231. Is f a prime number?
False
Let q = -261 - -470. Is q a composite number?
True
Suppose 0*n = -n + 59. Is n a composite number?
False
Is 15/90 + 9442/12 prime?
True
Let i(n) = -n**3 + 9*n**2 - 9*n + 4. Let c be 66/10 + 8/20. Is i(c) prime?
False
Let r(g) = g**2 - 11*g + 10. Let j be r(9). Let s be 2/j - 1027/4. Let k = -112 - s. Is k prime?
False
Let r(z) = -5*z**3 - z**2 - z - 1. Let y be r(-1). Suppose 5*s + 66 = v, y*v - 3*s - 293 = -80. Is v composite?
True
Suppose 3*b = 6106 - 865. Is b prime?
True
Let j(b) = -b**3 + 2*b**2 + 2*b + 2. Let g be j(3). Let s be (1 - g) + 1 - 6. Is (-18)/(-2) - -2 - s composite?
True
Suppose 0 = -5*s + 193 + 162. Let c(i) = -2*i**3 - 4*i**2 + 5*i + 2. Let v be c(2). Let x = s - v. Is x a prime number?
False
Let d(j) = 102*j**2 - 24*j + 5. Is d(-4) a prime number?
True
Let c be 3/2*(54 - -2). Suppose -h + 35 + c = 0. Is h a composite number?
True
Suppose 4*n = -v, -5*n + n + v = 0. Suppose -h + 4 = -n*h. Suppose -5*x = -w - 5, 22 = -h*w + 5*w + 4*x. Is w prime?
False
Let u = 15 + -9. Suppose -a + u = 2*a. Suppose 4*r - a*r - 166 = 0. Is r a prime number?
True
Suppose 5*r = r. Suppose -3*v + 193 - 16 = r. Is v composite?
False
Is 158 + (-2 - -1) + 0 a composite number?
False
Let m = 36 + 505. Is m composite?
False
Let s = -1 - 0. Is s/(3 - 116/38) prime?
True
Let n(c) = 22*c**3 + c**2 - 6*c + 2. Is n(3) a prime number?
True
Let f = 1740 + -1077. Suppose 0*t = -3*t + f. Is t a prime 